-2*u - 23 - 27 = j. Let w be (-4)/10 + (-135)/u. Calculate the highest common divisor of w and 20.
5
Suppose -w - 33 + 87 = 0. Calculate the highest common factor of 12 and w.
6
Suppose 20 = -2*f + 144. What is the highest common divisor of f and 434?
62
Suppose -3*k + 96 = 18. Let z = k + -14. Let n(u) = 21*u + 20. Let h be n(z). What is the highest common factor of h and 34?
34
Let a(h) = 12*h**3 - 4*h + 3. Let k be a(2). Let j = k - 77. What is the greatest common divisor of j and 6?
2
Let t(a) = a**3 + 9*a**2 - 15*a - 14. Let u be t(-10). Suppose 7*k + 72 = k. Let h = k - -24. Calculate the highest common divisor of h and u.
12
Suppose -13*w = -18*w + 5*p + 90, 0 = -4*w + 2*p + 72. Calculate the greatest common divisor of w and 99.
9
Suppose 0 = 27*x - 3367 - 1979. What is the highest common factor of 154 and x?
22
Let f = 2 - 1. Let s(i) = 12*i + 52. Let d be (-22)/11*(-1)/((-2)/4). Let r be s(d). What is the greatest common factor of r and f?
1
Let d(x) = -9*x**3 - x**2 + 7*x + 3. Let h be d(-3). Calculate the highest common divisor of 27 and h.
27
Let v = 20 - 31. Let m = v - -12. Let p be (0 - (m + 0)) + 12. What is the highest common divisor of 44 and p?
11
Suppose -55*d + 51*d = -68. Calculate the greatest common divisor of d and 68.
17
Suppose -5*k = -2*k - 12, -3*n + 3*k + 141 = 0. Calculate the highest common divisor of 357 and n.
51
Let q(p) = -4*p - 22. Let y be q(-6). Suppose 0*n - y*v - 868 = -3*n, -5*n = -2*v - 1440. What is the greatest common factor of n and 26?
26
Let v = 54 + -61. Let y(h) = h**3 + 8*h**2 + 6*h + 1. Let k be y(v). Let r be (-2)/6 + (-25)/(-3). What is the greatest common divisor of r and k?
8
Let a = 656 - 650. What is the greatest common divisor of 1164 and a?
6
Suppose 0 = 5*m + 10*m - 1125. Calculate the greatest common factor of 75 and m.
75
Suppose 3*s + 105 = 3*f, 3*f + 12*s - 129 = 9*s. What is the greatest common divisor of f and 208?
13
Let b(h) = 17*h**2 - h - 2. Let a be b(-1). Let c be (-46)/a*-4*6. What is the greatest common factor of c and 23?
23
Suppose 10*h + 5 = t + 14*h, 5*t + 5*h = 10. Let a(w) = w**2 + 0 + 0 + 2 - w. Let f be a(2). What is the greatest common divisor of t and f?
1
Let q = -840 + 1211. Calculate the highest common factor of q and 7.
7
Suppose 2*o + 5*p - 68 = 0, -3*p = -10 + 4. What is the highest common factor of 29 and o?
29
Let d = -7 - -13. Let r(x) = -4*x**2 + 1. Let a be r(1). Let s = d + a. Calculate the highest common divisor of 12 and s.
3
Let f(q) = -10*q**2 - 14*q**2 + 28*q**2. Let j be f(-1). Calculate the greatest common divisor of j and 4.
4
Let z(w) = 2*w - 2. Suppose -x + 5 = 0, 5*j + 1 + 4 = 5*x. Let d be z(j). Calculate the highest common divisor of 3 and d.
3
Let c be (28 + -4)/6 - -43. Calculate the highest common divisor of c and 282.
47
Suppose -4680 = -16*c - 23*c. What is the greatest common divisor of 48 and c?
24
Let l(r) = 2*r**2 + 9*r. Let a be l(-7). Calculate the greatest common divisor of a and 665.
35
Suppose -5*q = 4*w - 2*w - 239, 199 = 4*q - w. What is the highest common factor of q and 7?
7
Let s = -108 + 113. Suppose -10*a = -s*a - 4*c - 280, 0 = -5*a + 5*c + 275. Let y = 27 - 12. Calculate the highest common divisor of y and a.
15
Let p(v) be the third derivative of v**5/20 + v**4/3 + 5*v**3/6 - 16*v**2. Let m be p(-5). Calculate the highest common divisor of m and 5.
5
Let y = 0 + 96. Calculate the greatest common factor of 48 and y.
48
Let l = 141 + -121. Suppose -3*i + 2*i - l = -j, -2*i - 106 = -5*j. Calculate the greatest common factor of j and 110.
22
Let g(z) be the first derivative of z**3/3 - 3*z**2/2 + z - 12. Let v = -16 + 19. Let s be g(v). What is the highest common divisor of 1 and s?
1
Let k(x) = x**2 - 2*x - 4. Let j be k(6). Let n be 315/j + (-1)/(-4). Suppose 28*s + 554 = 1898. What is the highest common divisor of s and n?
16
Let h be (-1)/3*-431 + (-28)/42. Let g = 26 - 13. What is the greatest common divisor of h and g?
13
Let j be (-2 + 7)/(1/(-4))*-1. Let g be (-6)/(-4)*(j/(-15) - -4). What is the highest common divisor of 1 and g?
1
Let g = -1648 + 3039. Calculate the highest common factor of g and 13.
13
Suppose -3*v + 38 = 2*y, 0 = 2*v - v - 4*y - 36. Let h = v + 59. Suppose -p + 44 + 8 = c, -2*p - 96 = -2*c. What is the highest common divisor of c and h?
25
Let f = 51 + -22. Calculate the greatest common factor of 348 and f.
29
Let j be 2 - ((-4)/(-14) + 815/(-35)). Let m be (-104)/(-10) + (-10)/j. Calculate the highest common factor of 10 and m.
10
Let w(o) = o**3 - 5*o**2 - 11*o + 8. Let u be w(7). Let a = u - -41. Suppose 13*p - 7*p = 84. Calculate the highest common divisor of p and a.
14
Let c(r) = -r**3 - 9*r**2 + 30*r - 14. Let b be c(-12). What is the greatest common factor of 870 and b?
58
Let a(g) = 11*g**3 + g - 1. Let k be a(1). Let d(u) = -u**2 + 2*u + 9. Let j be d(4). Let b be j*-1 + 115/5. What is the highest common factor of k and b?
11
Let s = -28 - -24. Let h(p) = -p**3 - 2*p**2. Let c be h(s). What is the greatest common factor of 4 and c?
4
Let b be (-6)/33 - (-3 + 408/(-66)). Calculate the highest common factor of 27 and b.
9
Let t(i) = 27*i**3 + 5*i - 6. Let m be t(1). Calculate the highest common factor of 52 and m.
26
Let i be ((-116)/(-12) + -9)/((-3)/(-144)). What is the highest common divisor of 12 and i?
4
Let p(w) = 6*w - 116. Let v be p(21). What is the highest common factor of v and 110?
10
Let f be -12 + 15 + -1*-1*13. Suppose 5*y - 18 = -2*z - 0*z, 2*z = 5*y - 2. Calculate the highest common divisor of f and y.
2
Let s(q) = -2*q + 173. Let u be s(0). Let f be u/6 - 8/(-48). Let g = f - 19. Calculate the greatest common divisor of 4 and g.
2
Suppose -o = -2*o + 99. Let x = -15 - -62. Let q = -38 + x. What is the greatest common factor of q and o?
9
Let p = 141 - 53. Let n(d) be the first derivative of -d**3/3 + 6*d**2 + 8. Let a be n(11). What is the highest common divisor of a and p?
11
Suppose 683 = 4*w - 5*c, 151 = -5*w - 5*c + 1061. Suppose -4*d + 0*k = -3*k - 179, -k = -4*d + w. What is the greatest common factor of d and 33?
11
Let k(o) = -o**3 + 13*o**2 + 34*o + 22. Let s be k(15). Let u = 83 - s. What is the highest common divisor of u and 13?
1
Let t = -135 + 226. Suppose t*u + 6 = 92*u. Calculate the greatest common divisor of 15 and u.
3
Let k be ((-215)/10)/1*2. Let x be (13/(-4))/((-1)/(-8)). Let j = x - k. Calculate the greatest common factor of 119 and j.
17
Suppose -2 - 124 = -3*n. Let r = n + -5. Calculate the highest common divisor of 148 and r.
37
Let j = -48 + 50. Suppose -51 = -j*w - 35. What is the highest common factor of 16 and w?
8
Let w be 6/(-5)*50/(-20). Suppose 5*j + 2*h = -3*h + 120, 2*j - 23 = w*h. Let x = 22 - j. Calculate the greatest common factor of x and 24.
3
Suppose -5 = 2*x + 3*x, -4*x = -5*p + 44. Let m be (102/12 + -5)*(1 - -21). Suppose 123 = 5*w - m. Calculate the highest common divisor of w and p.
8
Let b be 33*(666/27 + 11). Calculate the greatest common divisor of 22 and b.
11
Let l(n) = -n**3 - 13*n**2 + 22*n + 27. Let m be l(-14). Let r = m + 88. Calculate the greatest common factor of r and 5.
1
Suppose 0*w - 4*d - 11 = -w, 2*w - 25 = 5*d. Suppose -5*v = -w - 120. What is the greatest common factor of v and 18?
9
Let k = 148 - 99. What is the greatest common divisor of 21 and k?
7
Suppose 704 = -5*i + 4*c + 273, 3 = -3*c. Let g be (-2)/4 + i/(-6). What is the highest common divisor of 35 and g?
7
Let x be ((-6)/4)/((-2)/20). Let v(d) = 2*d**2 - 24*d + 22. Let l be v(11). Suppose l = -8*j + 851 + 229. Calculate the greatest common factor of j and x.
15
Suppose 3*c = h + 2*h - 213, 195 = 3*h + 3*c. What is the greatest common divisor of h and 4?
4
Suppose -26 - 26 = -2*c - 2*q, -2*c + 52 = q. Let i = c - 26. Suppose 2*o - 8 = i, 236 = a + a - 5*o. What is the highest common factor of 16 and a?
16
Suppose 16 = -l + 8*a - 4*a, 0 = -2*l + 2*a - 8. Let c be 2 - (-38 - l/(-1)). Calculate the highest common factor of 5 and c.
5
Let v be 2 + (-6)/(-8)*(-33208)/(-21). Calculate the highest common divisor of 22 and v.
22
Suppose 5*o - 3*o + 25 = h, 4*h = 5*o + 91. Suppose h*c - 23*c = -60. What is the greatest common divisor of c and 9?
3
Suppose 2*z = 4*h + 144, 3*z - 5*z - 3*h + 116 = 0. Suppose 0*d = -2*d + 16. Let t = 0 + d. C